61915?
True
Does 5 divide 432652?
False
Is 127196 a multiple of 67?
False
Does 35 divide 1127850?
False
Is 2634249 a multiple of 123?
False
Is 673 a factor of 16328999?
True
Does 98 divide 103684?
True
Is 251179 a multiple of 314?
False
Is 6 a factor of 44865?
False
Is 480592 a multiple of 196?
True
Does 17 divide 83774?
False
Is 2 a factor of 1401269?
False
Does 5 divide 212829?
False
Is 256710 a multiple of 15?
True
Is 4508517 a multiple of 444?
False
Does 11 divide 7183?
True
Is 243724 a multiple of 86?
True
Is 530343 a multiple of 60?
False
Does 171 divide 2011815?
True
Is 28 a factor of 7962752?
True
Does 27 divide 178767?
True
Is 262 a factor of 47422?
True
Is 8456736 a multiple of 643?
True
Does 17 divide 129902?
False
Is 2278488 a multiple of 834?
True
Is 2093 a factor of 13784498?
True
Is 109 a factor of 1646772?
True
Is 349 a factor of 111331?
True
Is 17 a factor of 2452904?
False
Is 13695 even?
False
Does 359 divide 597819?
False
Is 402088 a multiple of 367?
False
Does 276 divide 2939800?
False
Does 3 divide 17446?
False
Is 7262 even?
True
Is 41745 a multiple of 23?
True
Is 2061655 a multiple of 283?
True
Does 79 divide 191273?
False
Does 196 divide 399840?
True
Does 35 divide 412180?
False
Is 1485464 a multiple of 1524?
False
Is 477 a factor of 92437?
False
Is 29 a factor of 76896?
False
Is 1305383 a multiple of 20?
False
Is 2 a factor of 123342?
True
Is 2808 a multiple of 54?
True
Is 24 a factor of 5095680?
True
Is 17 a factor of 46116?
False
Is 94869 a multiple of 249?
True
Is 16 a factor of 20971961?
False
Does 2 divide 20283?
False
Does 20 divide 4011220?
True
Is 10 a factor of 5044?
False
Does 187 divide 255068?
True
Is 205 a factor of 22960?
True
Is 245 a factor of 151677?
False
Is 1361016 a multiple of 9?
True
Is 62 a factor of 3036698?
True
Does 150 divide 118093?
False
Is 255 a factor of 5617905?
True
Does 494 divide 4594770?
False
Does 16 divide 176501?
False
Is 200772 a multiple of 104?
False
Is 184 a factor of 98808?
True
Is 945164 a multiple of 22?
True
Does 19 divide 1379324?
True
Does 178 divide 401836?
False
Is 6 a factor of 55054?
False
Does 2287 divide 3988185?
False
Does 165 divide 7545513?
False
Does 83 divide 279635?
False
Does 45 divide 48681?
False
Is 1688422 a multiple of 40?
False
Is 248 a factor of 1612496?
True
Is 190138 a multiple of 391?
False
Is 14360082 a multiple of 12?
False
Does 474 divide 688714?
False
Does 25 divide 12650?
True
Does 40 divide 74720?
True
Does 35 divide 538672?
False
Does 17 divide 475049?
False
Does 631 divide 9038042?
False
Is 32670 a multiple of 110?
True
Is 34291 a multiple of 117?
False
Is 100643 a multiple of 270?
False
Is 371790 a multiple of 81?
True
Is 163 a factor of 407826?
True
Is 10 a factor of 9875041?
False
Does 15 divide 87336?
False
Is 1246504 a multiple of 14?
True
Is 367807 a multiple of 33?
False
Does 251 divide 3260992?
True
Is 54 a factor of 217944?
True
Is 11 a factor of 59334?
True
Is 324512 a multiple of 169?
False
Is 1225 a factor of 2550890?
False
Is 231 a factor of 2944619?
False
Is 80168 a multiple of 22?
True
Does 30 divide 4680?
True
Is 6 a factor of 8623?
False
Is 129416 a multiple of 270?
False
Does 1138 divide 604278?
True
Is 342 a factor of 259920?
True
Does 24 divide 46536?
True
Is 17 a factor of 198985?
True
Is 22 a factor of 83534?
True
Does 20 divide 1010680?
True
Is 16111608 a multiple of 6?
True
Does 14 divide 300552?
True
Does 336 divide 226464?
True
Does 68 divide 14859?
False
Is 1434445 a multiple of 265?
True
Does 724 divide 395756?
False
Is 4 a factor of 31850?
False
Is 14 a factor of 3567396?
True
Is 964319 a multiple of 229?
True
Is 544453 a multiple of 167?
False
Is 1433080 a multiple of 528?
False
Is 812 a factor of 7083888?
True
Does 20 divide 57724?
False
Does 13 divide 8583901?
False
Does 162 divide 147441?
False
Does 123 divide 2250015?
False
Is 47490 a multiple of 147?
False
Does 11 divide 16209?
False
Does 113 divide 1465349?
False
Does 10 divide 667020?
True
Does 164 divide 180236?
True
Is 420561 a multiple of 121?
False
Is 375200 a multiple of 268?
True
Is 499936 a multiple of 4?
True
Does 29 divide 94273?
False
Does 13 divide 51681?
False
Is 253181 a multiple of 17?
True
Does 20 divide 700150?
False
Is 94904 a multiple of 8?
True
Does 30 divide 1945063?
False
Is 5 a factor of 36564?
False
Does 152 divide 445816?
True
Is 26 a factor of 68432?
True
Is 23 a factor of 76751?
True
Is 32 a factor of 41339?
False
Is 13 a factor of 103096?
False
Is 2681911 a multiple of 11?
False
Does 24 divide 20784?
True
Is 229 a factor of 546394?
True
Does 3 divide 828933?
True
Is 2133 a factor of 4215729?
False
Is 118 a factor of 430320?
False
Does 77 divide 239778?
True
Does 86 divide 6694129?
False
Is 1437308 a multiple of 15?
False
Is 5803 a multiple of 4?
False
Does 5 divide 2806313?
False
Is 169686 a multiple of 66?
True
Is 1228981 a multiple of 67?
True
Does 33 divide 69143?
False
Is 12 a factor of 925260?
True
Does 84 divide 32004?
True
Is 200 a factor of 177208?
False
Is 186239 a multiple of 3?
False
Is 649472 a multiple of 118?
True
Is 7683280 a multiple of 58?
False
Is 54 a factor of 18362001?
False
Does 57 divide 4792446?
True
Is 568000 a multiple of 25?
True
Is 10916 a multiple of 7?
False
Does 21 divide 3783024?
True
Does 290 divide 1305290?
True
Is 1258 a multiple of 5?
False
Is 26338 a multiple of 16?
False
Is 41112 a multiple of 8?
True
Does 5 divide 1092657?
False
Is 97649 a multiple of 11?
False
Is 95 a factor of 1076075?
False
Does 638 divide 664158?
True
Is 26 a factor of 530556?
True
Is 885920 a multiple of 28?
True
Is 91675 a multiple of 2?
False
Does 173 divide 23275?
False
Is 517 a factor of 156391?
False
Does 16 divide 11719521?
False
Is 17786 even?
True
Is 6608257 a multiple of 17?
True
Is 660442 a multiple of 340?
False
Is 5802130 a multiple of 606?
False
Is 99 a factor of 351747?
True
Is 334 a factor of 729790?
True
Is 1773607 a multiple of 8?
False
Does 5 divide 112353?
False
Does 43 divide 413959?
False
Is 30 a factor of 78407?
False
Is 2077620 a multiple of 186?
True
Is 232153 a multiple of 59?
False
Is 3733840 a multiple of 20?
True
Is 71208 a multiple of 138?
True
Does 11 divide 2978198?
False
Is 269054 a multiple of 686?
False
Is 1053244 a multiple of 12?
False
Does 14 divide 290094?
True
Does 219 divide 50699?
False
Is 59944 a multiple of 63?
False
Does 4 divide 4992?
True
Is 1079336 a multiple of 28?
False
Is 53277 a multiple of 42?
False
Is 54 a factor of 28930?
False
Does 8 divide 4599959?
False
Does 13 divide 68991?
True
Is 714 a factor of 19744833?
False
Is 24816 a multiple of 48?
True
Does 19 divide 49286?
True
Is 9 a factor of 1945872?
True
Does 106 divide 5488574?
True
Does 121 divide 318010?
False
Is 5 a factor of 4648770?
True
Is 86 a factor of 11646711?
False
Does 391 divide 2853127?
True
Is 28072176 a multiple of 24?
True
Is 33 a factor of 56001?
True
Does 248 divide 194184?
True
Does 302 divide 505548?
True
Is 1031492 a multiple of 46?
False
Is 87 a factor of 6381826?
False
Is 4554018 a multiple of 658?
True
Does 8 divide 4306288?
True
Is 319 a factor of 137170?
True
Is 79 a factor of 1934727?
False
Does 183 divide 23349105?
False
Is 17 a factor of 2308372?
False
Does 371 divide 46746?
True
Is 60 a factor of 118740?
True
Does 258 divide 108360?
True
Does 4 divide 24433?
False
Is 28 a factor of 760564?
True
Is 24 a factor of 318792?
True
Does 257 divide 36899?
False
Is 16 a factor of 915152?
True
Does 491 divide 7856?
True
Does 36 divide 138255?
False
Is 27724 even?
True
Is 51 a factor of 360366?
True
Is 46 a factor of 3454461?
False
Is 27 a factor of 252115?
False
Is 925272 a multiple of 543?
True
Is 20 a factor of 18467284?
False
Is 15 a factor of 6168113?
False
Is 946 a factor of 8406996?
False
Is 20 a factor of 1178880?
True
Does 28 divide 3076724?
True
Does 50 divide 438157?
False
Is 859 a factor of 5784146?
False
Is 452332 a multiple of 2?
True
Does 18 divide 71280?
True
Is 49307 a multiple of 397?
False
Does 263 divide 5282738?
False
Is 689823 a multiple of 345?
False
Is 2652732 a multiple of 1116?
True
Does 174 divide 11641974?
False
Is 59 a factor of 46737?
False
Does 10 divide 34822?
False
Does 739 divide 1777295?
True
Is 29 a factor of 714806?
False
Is 192045 a multiple of 14?
Fals